4) in base 9?
3482
What is -1271 (base 9) in base 7?
-2533
-101320 (base 4) to base 7
-3223
What is -354232 (base 6) in base 4?
-13200230
What is -465 (base 8) in base 12?
-219
What is 1969 (base 11) in base 10?
2495
What is -490 (base 10) in base 16?
-1ea
Convert 1000011110 (base 2) to base 15.
262
What is 1000010011000 (base 2) in base 9?
5740
Convert -3313322 (base 4) to base 6.
-201242
Convert 1010100011 (base 2) to base 5.
10200
1011111001 (base 2) to base 12
535
-22023 (base 5) to base 8
-2751
Convert 1454 (base 16) to base 15.
181e
-40404 (base 5) to base 15
-b89
What is -1201 (base 5) in base 3?
-20112
Convert -10111001000001 (base 2) to base 11.
-8995
Convert -10000011111 (base 2) to base 9.
-1402
What is -100021 (base 3) in base 4?
-3322
What is 17a (base 12) in base 14?
130
What is 12022022 (base 3) in base 7?
14165
What is 11032 (base 5) in base 7?
2144
What is -22021 (base 4) in base 5?
-10044
Convert -11111000 (base 2) to base 5.
-1443
Convert 30114 (base 5) to base 15.
874
Convert 294b1 (base 12) to base 9.
87167
-906 (base 12) to base 3
-1210020
-3050 (base 7) to base 8
-2050
Convert 56240 (base 7) to base 16.
376d
What is 31563 (base 10) in base 3?
1121022000
What is 3e2 (base 16) in base 3?
1100211
What is 891 (base 10) in base 16?
37b
What is 3441 (base 15) in base 6?
123154
What is 1cb (base 13) in base 4?
11100
What is 24457 (base 8) in base 9?
15414
What is -101100011 (base 2) in base 10?
-355
Convert -130b (base 16) to base 7.
-20133
Convert 10202 (base 7) to base 10.
2501
-7d8b (base 16) to base 14
-b9d9
What is 65 (base 9) in base 4?
323
Convert 4321 (base 5) to base 3.
210201
Convert -100111011011000 (base 2) to base 3.
-1000200120
-232010 (base 7) to base 9
-62842
What is 6666 (base 9) in base 14?
1b16
1d64 (base 16) to base 15
2369
-1011011101111010 (base 2) to base 6
-1001242
-101442 (base 8) to base 12
-17516
What is -110001011 (base 2) in base 15?
-1b5
-102304 (base 5) to base 8
-6576
What is 2200 (base 7) in base 8?
1420
What is 11312 (base 5) in base 9?
1124
Convert -3413 (base 7) to base 5.
-14420
What is -30be (base 15) in base 8?
-24100
-51cc (base 14) to base 6
-145132
Convert 103 (base 14) to base 12.
147
What is 23 (base 14) in base 12?
27
What is -2522 (base 7) in base 14?
-4b9
-17688 (base 12) to base 4
-20100020
Convert -7205 (base 8) to base 16.
-e85
-22132 (base 4) to base 5
-10140
What is 51bb (base 15) in base 10?
17276
Convert 1c9 (base 16) to base 11.
386
Convert -2022 (base 6) to base 2.
-110111110
133122 (base 5) to base 4
1110210
What is -336a (base 13) in base 14?
-2894
Convert 605 (base 10) to base 16.
25d
-1000110000 (base 2) to base 12
-3a8
Convert 111011010001110 (base 2) to base 10.
30350
What is 254 (base 13) in base 6?
1515
Convert 47c5 (base 13) to base 3.
111220021
What is 32433 (base 5) in base 16?
8c3
What is -21022102 (base 3) in base 10?
-5330
6611 (base 11) to base 14
3272
What is 35a78 (base 12) in base 5?
4304010
Convert -53be (base 16) to base 15.
-6543
Convert -582a (base 11) to base 13.
-363b
Convert 2065 (base 12) to base 5.
103113
Convert -11102 (base 6) to base 5.
-22200
-221554 (base 7) to base 5
-2222133
What is 1a9 (base 11) in base 5?
1430
13166 (base 9) to base 3
110012020
What is -100111 (base 2) in base 5?
-124
What is -1293 (base 11) in base 10?
-1675
-14817 (base 10) to base 9
-22283
What is 414044 (base 5) in base 10?
13649
-2110212012 (base 3) to base 2
-1011111001100100
What is -340 (base 13) in base 3?
-202201
Convert 23884 (base 9) to base 13.
73b4
Convert -932 (base 10) to base 5.
-12212
What is -213321 (base 4) in base 15?
-b53
What is 56a (base 14) in base 12?
756
Convert -1040 (base 7) to base 3.
-111202
-15314 (base 12) to base 15
-8c84
What is a155 (base 16) in base 10?
41301
Convert -e35a (base 15) to base 14.
-136d4
Convert -525 (base 9) to base 12.
-2b8
Convert -32868 (base 10) to base 12.
-17030
What is -1b75 (base 16) in base 12?
-4099
-106a (base 11) to base 6
-10303
What is -1ab (base 12) in base 15?
-135
-5000 (base 7) to base 3
-2100112
What is -1345 (base 7) in base 5?
-4043
-466 (base 16) to base 11
-934
What is 100000100100 (base 2) in base 11?
1625
What is -a7 (base 12) in base 6?
-331
1b897 (base 12) to base 15
c241
1111011010 (base 2) to base 8
1732
What is 6022 (base 7) in base 16?
81a
-1267 (base 8) to base 14
-379
What is -269 (base 13) in base 9?
-522
What is 102 (base 10) in base 2?
1100110
Convert 21021021 (base 3) to base 7.
21310
16b2 (base 13) to base 7
12533
Convert -12018 (base 12) to base 6.
-304032
-60 (base 7) to base 6
-110
-21103 (base 5) to base 7
-4043
30130 (base 7) to base 5
213043
What is -5264 (base 7) in base 2?
-11101000011
What is -11201 (base 5) in base 16?
-321
4232232 (base 5) to base 4
101110132
What is -677 (base 9) in base 5?
-4211
What is 134e (base 16) in base 3?
20210001
Convert -1022201001 (base 3) to base 4.
-12112231
Convert 277b (base 14) to base 6.
52133
Convert d191 (base 15) to base 2.
1010110011001100
Convert -10122 (base 4) to base 9.
-343
Convert 355 (base 7) to base 13.
115
What is 31123 (base 4) in base 2?
1101011011
Convert -2350 (base 8) to base 10.
-1256
Convert 9a31 (base 11) to base 8.
31647
What is 21f2 (base 16) in base 6?
104122
-1010 (base 6) to base 5
-1342
Convert 11500 (base 8) to base 4.
1031000
-4c7 (base 16) to base 14
-635
Convert -17aba (base 12) to base 5.
-2100124
What is -1123 (base 6) in base 10?
-267
45a8 (base 16) to base 11
12441
-30b (base 12) to base 7
-1202
Convert 65 (base 16) to base 10.
101
1854 (base 12) to base 13
1456
Convert 264 (base 11) to base 14.
184
Convert -b347 (base 15) to base 10.
-37867
Convert d932 (base 16) to base 10.
55602
What is -2211 (base 6) in base 4?
-13333
What is 1012210 (base 3) in base 6?
4033
Convert -1673 (base 8) to base 3.
-1022101
-704 (base 9) to base 12
-3b7
What is 767 (base 15) in base 10?
1672
Convert 100000 (base 2) to base 10.
32
What is -103a (base 14) in base 2?
-101011101100
Convert 5175 (base 10) to base 4.
1100313
What is 5216 (base 8) in base 15?
c02
Convert -40024 (base 5) to base 4.
-213102
Convert -c59 (base 13) to base 2.
-100000110110
What is -120021 (base 3) in base 4?
-12130
31234 (base 6) to base 11
3177
1a664 (base 11) to base 6
341031
Convert 3c (base 13) to base 11.
47
What is -1150 (base 11) in base 15?
-6a7
Convert -10311 (base 5) to base 3.
-222011
-30133232 (base 4) to base 14
-1491c
What is 981 (base 10) in base 12?
699
Convert 2242 (base 6) to base 14.
29c
44432 (base 5) to base 7
12042
What is -1210 (base 3) in base 8?
-60
Convert 5b3 (base 16) to base 4.
112303
63b (base 16) to base 5
22340
What is 13200 (base 4) in base 12?
340
-10645 (base 10) to base 4
-2212111
Convert 1143333 (base 5) to base 8.
52326
540 (base 6) to base 11
176
Convert 14325 (base 7) to base 6.
30123
What is -20231 (base 4) in base 12?
-3a5
Convert 10444 (base 7) to base 15.
ba4
Convert -1015 (base 6) to base 13.
-146
Convert 3f6e (base 16) to base 4.
3331232
-4389 (base 13) to base 10
-9408
What is -154a (base 12) in base 2?
-100111001010
What is 10010011111 (base 2) in base 4?
102133
110511 (base 6) to base 2
10010000101011
-333133 (base 4) to base 6
-30451
Convert -18055 (base 10) to base 6.
-215331
ad52 (base 16) to base 9
66770
What is -10101011000101 (base 2) in base 16?
-2ac5
100110001 (base 2) to base 5
2210
Convert 1586 (base 10) to base 12.
b02
Convert 22 (base 3) to base 6.
12
21020212 (base 3) to base 6
40252
What is -3c9 (base 14) in base 10?
-765
What is 2100212 (base 3) in base 13?
a28
Convert 308 (base 15) to base 3.
221022
1001322 (base 5) to base 6
201153
Convert -35165 (base 8) to base 3.
-202112021
Convert -5314 (base 11) to base 5.
-211113
220051 (base 6) to base 9
26834
-18678 (base 9) to base 8
-31226
What is 33013 (base 4) in base 16?
3c7
Convert -3869 (base 12) to base 14.
-24a5
Convert 103024 (base 5) to base 11.
2705
Convert -3307 (base 10) to base 13.
-1675
1341 (base 5) to base 10
221
1011011111 (base 2) to base 11
609
-a8b (base 15) to base 13
-1112
Convert 1500 (base 6) to base 3.
112200
-5768 (base 10) to base 11
-4374
-11440 (base 6) to base 14
-880
Convert 130 (base 8) to base 10.
88
-1446 (base 13) to base 16
-b73
What is 20042 (base 5) in base 6?
5520
1116 (base 9) to base 2
1100111001
